 + (-149 - (-97 + 0))
-66
-41 - (-121 - -238 - 62)
-96
What is 22 + -7 - (12 - (59 - 35))?
27
8 + (30 + -80 - -16)
-26
Calculate 49 + -22 + 18 + (-24 - -6).
27
What is the value of 42 - 58 - (1 + -15) - 31?
-33
What is the value of -123 - -87 - -31 - (1 + (-4 - -2) + 16)?
-20
Evaluate (29 - 10) + -10 + (16 - 18) + 4 + 71.
82
Calculate -3 + (3 - (-7 + -2)) + -46 + -44 + 21.
-60
Calculate 744 + -805 + (6 - (-12 - 4)).
-39
What is the value of -6 + 5 - (-2 + 15 + (-2 - 4) - -38)?
-46
Calculate -6 - (31 - 5) - -28.
-4
What is the value of 565 + -219 + -306 - (-1 + 6 + 0)?
35
Calculate (-3 - 0) + (121 - 18 - 109).
-9
Evaluate 8 - (-7 - (-20 - (-19 + 20))).
-6
What is the value of 106 + -87 - (-59 + 80)?
-2
(2 + -19 - (19 - 19)) + 0 + 3
-14
Evaluate 1 - -39 - (2301 - 2258) - (-2 + -84).
83
(4 - -28 - (-13 + 31)) + -92
-78
Calculate -18 + 4 + -2 - -66 - (11 + -2).
41
Calculate (-129 - -37) + (-6 - -55) - -80.
37
Evaluate -50 - (-32 - -92 - 76).
-34
What is 29 + (52 + -62 - 24)?
-5
What is -251 + 86 + 50 + (0 + 2 - 4 - -8)?
-109
Calculate 37 + -10 + -31 - (-8 + (-46 - (-6 + 8))).
52
3 - 1 - -31 - (52 + -49 + -8)
38
-50 - (-4 - (-10 - -14 - -5) - -5)
-42
Calculate 132 - 257 - -115 - (0 - 2 - -53).
-61
22 + -45 + -20 + (6 - (-1 + 1))
-37
Evaluate -10 + 7 + -1 + (72 - 26) + -26.
16
Calculate -2 - (26 + -4 + 1 + -28) - (2 - -35).
-34
(-17 + -53 - -63) + -37 + 0
-44
(1127 - 1090) + -45 + -3
-11
What is 89 + (11 - (23 + 37))?
40
What is (-113 - -112) + (-3 - 1) + 48 + -55?
-12
What is the value of (-1 - -3) + ((-3 - -2) + 4 + 6 - -41)?
52
Calculate 13 - ((99 - -17 - -1) + 1 + 8).
-113
Evaluate (-9 - 0) + (3 + (20 - -10) - (-18 - -8)).
34
-28 - (-9 + (172 + -153 - (13 + 0)))
-25
Evaluate (-1 - 3) + (132 - 115 - (-11 - 0)) - 7.
17
(-533 - -511) + 18 + -1 + 7 + -56
-54
What is -1 - (31 + (-19 - -4) - (-1 - -5))?
-13
36 - (92 - (-53 + 63))
-46
What is the value of -91 + 13 + 42 + 4?
-32
Calculate -2 - (-10 + -2 + 3 - ((52 - 4) + -34)).
21
What is 11 + 15 + -33 + 86 - 24?
55
What is the value of 58 - (-34 + 51 + 26)?
15
((-9 - 4) + 3 + 4 - 3) + 1
-8
Calculate -91 + 96 - (1 + 87 + 2 + (1 - 5)).
-81
What is the value of (4 - -12 - 22) + 10 - -24?
28
Calculate 11 + (1 - -11 - 50) + -17.
-44
(-10998 - -11014) + (0 - -1 - -27)
44
Evaluate -11 - -36 - ((69 - -4) + -23).
-25
Evaluate -5 + (13 - 5) + -7 + 4 - (-14 - 30).
44
11 + (-17 - (9 + -12)) + -70 + 4
-69
Calculate (-14 + -11 - -2) + -4 + 90.
63
Evaluate 1 - -38 - (93 + -32 - 55) - 8.
25
9 + (-78 - (7 + (9 - 20) + 12)) + 12
-65
What is the value of -67 + 31 + 23 + -23?
-36
What is -6 + 5 + (-217 - -245)?
27
What is 45 - (158 + -82) - -76?
45
What is -60 + 1 + (106 - (37 - -47))?
-37
-3 + (-12 - ((-19 - (-1 - 12)) + -8))
-1
Calculate 0 - 0 - (21 - (39 - 12)).
6
What is the value of 629 - 585 - (1 + -21) - (0 - -14)?
50
-1148 + 1191 + -56 + -3 + (1 - 13)
-28
(12 - -1) + 2 + (2 - (1 + 9)) + 8
15
What is the value of -120 + (30 - -122) + (1 - 35)?
-2
(5 + -57 - -6) + (-130 - -100)
-76
Evaluate 11 - ((6 - 2) + 17) - (-42 + 14).
18
What is the value of 163 + -166 + 67 + -55?
9
15 - (-3 + -5 + -15 + 72)
-34
9 + 17 + -14 + (-16 + -7 - -12)
1
Calculate 14 + 12 + -48 + (-9 - 3).
-34
What is (1 - 4) + (-13 + -1 + 37 + 7 - -13)?
40
What is (0 - (3 + 3 + -1)) + (88 - (139 - 59))?
3
-1 + (7 - -19) + 9 + -51
-17
Calculate 13 + 46 - (-217 + 377).
-101
Evaluate (-3 - -2) + -2 + -1 + (-119 + 46 - -69).
-8
Calculate 9 + -2 + 1 + (4960 - 5042).
-74
What is 8 + 12 + -42 + 7 + 17?
2
What is (21 - -6) + -12 - (-5 + (6 - 6))?
20
Calculate 0 + -114 - ((118 - 88 - 18) + (-25 - -1)).
-102
Evaluate 55 + -2 - -62 - 43.
72
Evaluate 0 - -28 - (96 + (-66 - 8)).
6
What is the value of (20 + -30 - -20) + 12?
22
What is the value of 2 + 78 - (-9 - (4 - (12 - (-16 + 19))))?
84
Evaluate -140 + 90 + 30 + 72.
52
Calculate -28 + 77 + -48 + 12.
13
2 + 25 + -9 + 19 + (-3 - (-2 - -5))
31
What is the value of -14 + (6 - (12 + -10)) + 1 + 2?
-7
(33 - (18 - 7)) + -12 - (12 + (15 - 15))
-2
Calculate (37 - 33) + (30 - -48).
82
What is -144 + (12 - -45) + -56?
-143
Evaluate -2 + (-9 - (-21 + 8 - -9 - -3 - -7)).
-17
What is the value of (254 - 195) + -28 + -106?
-75
What is (16 - 3) + (68 + -41 - 24)?
16
What is 71 - (29 + (-14 - -18))?
38
What is -13 + 3 - -6 - (95 + -29)?
-70
Calculate -22 + (5 + -22 - -20) - 25.
-44
Calculate (6 - -2) + (-15 + 29 - (-11 - -31)) - -62.
64
What is (-129 - (-74 + -54)) + (12 - (2 + -2)) + 38?
49
Calculate 20 + (1 + -3 + -4 + -1 - (98 - 102)).
17
-28 - -2 - ((6 - 12 - -2) + (12 - 6))
-28
Evaluate -17 + (-8 - (-21 - (34 + -19))).
11
Calculate (-23 - -4) + (2 - 52) + 0 + 6.
-63
What is (0 - 23) + -2 + 20 + 15 - (-28 - -1)?
37
Calculate -50 + 75 + -52 + -12.
-39
Calculate (-45 + 23 - -32) + 32.
42
Evaluate 3 + -4 + -10 + -57 + 7 + 44.
-17
Evaluate -12 - (13 - (10 + 3) - 0) - 6.
-18
Evaluate -58 - -69 - (71 - 21).
-39
Calculate (0 + 14 - -27 - 13) + (1 - -3).
32
What is 1 + -32 + (-39 - -12 - (9 + -23))?
-44
Calculate -14 + (1 - -11) + -11 + (-2 - -9).
-6
-63 + -47 + 23 + 48
-39
Calculate -6 + (55 - (6 + 10)).
33
What is 25 + -57 - 19 - (-1 - -3 - 0)?
-53
Calculate (-9 - 4 - -25 - 3 - (60 + -7)) + 8.
-36
Calculate 15 + (0 - -3 - (79 + 0)).
-61
Evaluate 0 + 7 + (59 - 123) + 77.
20
Evaluate -9 + ((17 - 8) + 7 + -16 - -15) - 51.
-45
What is (-12 - -27) + -105 - -42?
-48
Evaluate 27 + (23 - 15) - ((17 - 38) + 9).
47
What is the value of 14 + ((-70 - (-5 + 4)) + -2 - (4 + 4))?
-65
-45 - (34 - 21 - 45)
-13
-24 - (-106 + 68) - ((20 - 2) + 1)
-5
What is the value of (31 - 6) + (41 - 75) - (1 - -8)?
-18
What is 77 + -2 - (124 + -210 - -97)?
64
Calculate (-18 - (-71 + 0)) + -45.
8
Calculate (0 - -13) + (-27 - -22 - -36 - 30).
14
What is (0 - (-50 - (-10 + 10 + 6))) + (-8 - -2)?
50
What is the value of 2 + -97 - (-69 + (77 - 12))?
-91
What is the value of -2 + -28 + 2 + 2136 + -2120 - 51?
-63
45 + 0 + -47 + -30
-32
What is -94 + (-112 - -95 - -58)?
-53
Calculate -74 + (-41 + 223 - 46).
62
(-13 - (18 + -9)) + 27 - 133
-128
1 - 31 - (-471 - -443) - (0 - -2 - -3)
-7
What is the value of -44 - (-10 + (-49 - -80 - 21))?
-44
What is the value of (-5 - 3 - (1 - 6)) + (-64 - -4) + -1?
-64
-8 + (40 - (134 + -54))
-48
What is -21 + (-29 - -40) + -15 + -57?
-82
What is the value of 5 - (-23 - (13 + -15))?
26
Calculate 39 + -54 + 32 + -55.
-38
(28 - 21) + (-1 - (-4 + 2) - 3) - 34
-29
40 - -1 - (-95 + (123 - 8))
21
What is the value of 23 + 2 + (10 - (51 - 47))?
31
Calculate (333 + -340 - (0 - 3 - 6)) + -65.
-63
What is -34 - (-191 - -93) - 148?
-84
What is (9 - (10 - 2)) + -45?
-44
Calculate -51 - (-61 + 50 + -36).
-4
Calculate 0 + -3 - (-64 + 11 - (-7 - -22 - -4)).
69
Calculate 26 - 8 - 14 - 2 - 0 - (-20 - -2).
20
What is 0 + -2 + -2 - (84 - (34 - (-25 + 35)))?
-64
What is the value of -36 - (80 + -21 - 16)?
-79
-1 - (65 + (-41 - 17))
-8
Evaluate 50 + -2 - (4916 - 4838).
-30
What is 0 - -13 - (-781 - -816) - (-17 + 0)?
-5
(-5865 - -5808) + 1 + -6
-62
Evaluate (-11 - (27 - (-21 - -24))) + 3.
-32
Evaluate (-60 + -42 - -81) + 1 + 24 + -101.
-97
What is the value of 7 + 1 + -11 + 16 + -12 + 12?
13
Calculate 6 - (4 + -3 - -49 - (47 - -21 - 56)).
-32
What is -18 + (19 + 6 - -15) + (6 - 2)?
26
What is (-24 - -49) + -20 - (-3 + 0)?
8
Calculate (51 - (-36 - -34)) + -65.
-12
What is -6 + 4 + -3 + -113 + 118 + 33?
33
(-24 + (113 - -46) - 9) + 16
142
Calculate 0 + -17 + (37 - -13) + 41.
74
-1 + -3 + 9 + 71 + 28 + -38 - 10
56
Calculate (-1 - 0 - 119) + 295 + 207 + -496.
-114
What is (-22 + 58 - 100) + 76?
12
What is the value of -1 + -40 + -12 + -5?
-58
What is 42 - (-65 - -12) - 64?
31
-853 + 753 + (2 - (-3 + (1 - -5))) + -1
-102
Calculate (23 - (4 + -1) - (-81 - -88)) + (-93 - -1).
-79
What is 2 + -4 - (7 - 15 - (-12 - -21) - 2)?
17
Calculate (14 - (-8 - 1) - 15) + 1 + -52 + 1.
-42
Evaluate -24 + (15 - 21) + 20 + 36.
26
Evaluate -312 + 321 - (4 + 51).
-46
Calculate 4 - (94 - 47 - 52).
9
What is 1 - (-9 + -8 + 18) - (31 - (6 - 4))?
-29
What is 10 + -47 + (30 - -78)?
71
What is -29 - -56 - 8 - -28 - 7?
40
What is 34 - 11 - 102 - (-8 - (-15 - 0))?
-86
10 - (-63 + 53 + 5)
15
(-9 - 8 - 4) + 62 + -7
34
Calculate 11 + (2 - 3) + -11 + -1 + (1 - 16).
-17
423 - 466 - (1 + -28)
-16
What is the value of (0 - -1) + -35 + 7 + 28 + -21 + -27?
-47
-21 + (-32 + 56 - 13 - 97)
-107